value of -17 + (63 - -5) + 17?
68
Evaluate (-4 - (5 - 5) - (2 - 16)) + (-287 - -271).
-6
Evaluate 110 + -10 + -57 - (0 + -5).
48
Evaluate -4 + 5 + 3 + -7 + (-2 - 20).
-25
What is (24 - 13) + -99 + -9 + 25 + -21?
-93
Evaluate (-9 - (2 - 3)) + 59 + -40 + 15.
26
What is the value of -7 - 3 - (-19 + 27 + 13 + -9)?
-22
Evaluate 1 + 1 + (2356 - 2257).
101
What is the value of (25 + -12 - 4) + -1 + -7 + 14 + -4?
11
What is 61 + -265 + (57 - 4)?
-151
6 + -1 + (58 - (17 - (-3 - -10))) + -8
45
Evaluate 9 + 47 + -26 + 12 + -5.
37
What is the value of 56 + 4 + 6 - 7 - (-96 - -118)?
37
What is the value of -19 - ((3 - -4) + (-4 - 12 - -8) - 9)?
-9
Calculate -6541 + 6537 - (17 - 1).
-20
Calculate 19 + (119 - 68) - 113.
-43
Evaluate 12 + -19 + 29 + -4 + -4.
14
Evaluate -1 + 15 - (12 - (-26 + 32 + -31)).
-23
What is 0 + -10 - (-104 - -75) - -4?
23
Calculate 3 + (-2 - (1 + -1)) - (12 + -27).
16
What is the value of 33 + (-84 + 171 - 50)?
70
What is 64 + -23 + -37 - (-2 + -16 - 4)?
26
What is 1 - 1 - (-178 + (51 - -142))?
-15
What is -22 - (64 + -111 + 58 + (0 - 46))?
13
Calculate 23 + (47 - (11 - -26)) + 116.
149
What is (-4 - -3) + -2 - ((1 - (45 - -3)) + -23)?
67
Calculate -26 + -3 - (531 + -533).
-27
-4 + 43 - (-51 + 43 + -5 + -1)
53
What is the value of (-41 - (-94 + 63)) + (-1 - -1) + 19?
9
-20885 - -20873 - (-119 + 0)
107
Evaluate 52 - ((129 - 42) + -58).
23
What is the value of -9 + (28 - (-31 - (-14 + -14)))?
22
Calculate (-5 - -59) + (99 - 116) + -6.
31
Evaluate 19 + (19 - (-1 + 30) - 6) + (-2 - 3).
-2
-53 + -89 + (-69 - -213)
2
85 + -153 + 37 - -108
77
Evaluate 3860 - 3881 - (0 + -30).
9
What is the value of 47 - (-6 + (5 - (-13 - -2)))?
37
Calculate -76 + 22 + (-95 - -126).
-23
What is the value of 24 - 11 - (236 + -221 + 1 + 72)?
-75
Calculate -1393 + 1343 + (49 - -2).
1
What is the value of (-2 - -16) + (-29 - (-27 + 21 - 2)) - 73?
-80
What is the value of ((16 - -55) + -95 - (-11 - 0)) + (-4 - -17)?
0
What is (25 - 1) + (74 - 61) + 2 + -26 - -12?
25
-20 + 1 + -22 + (37 - 6)
-10
What is -46 + (-18 - (44 - 68))?
-40
What is (1 - (-4 + 1)) + -112 + 36 + 11 + 46?
-15
Calculate 975 + -986 + (-2 - (-2 - 17)).
6
What is (17 - (70 - (50 - 19))) + 4?
-18
What is -4 + 6 + 3 + -18 + 14 + 4 + 20?
25
Calculate -32 + -47 + 124 + -30 + 3.
18
Evaluate 48 - 96 - (7 + 4).
-59
Calculate 31 - (1 - 0) - (-66 + (-104 - -160)).
40
What is the value of 4 + -41 + 117 + -92?
-12
Calculate -29 + (-256 + 250 - (-13 - (-2 + 3))).
-21
Evaluate -35 - (0 + 12 + -8 + 0 - (-3 - -1)).
-41
-5 + 8 + (-27 + 1 - (-217 + 211))
-17
What is -14 - -48 - (167 + -70)?
-63
Calculate 13 + -7 + (-62 - (-40 - -75)).
-91
Evaluate 77 + (-81 - -28) - (2 - (-1 - -1)).
22
What is 101 - (-40 + (97 - -30))?
14
31 + (-105 - -47 - -64)
37
Evaluate 2 + 98 + (25 - -5) + (311 - 328).
113
Calculate -7 - -8 - (92 - 172) - -13.
94
Calculate (-1 - 4 - (-10 + 15 + 1 - 15)) + -38.
-34
Evaluate -64 - (-11 - ((-10 - (-18 + 12)) + -29)).
-86
What is (-47 - (1 + -2)) + (87 - (-8 + 86))?
-37
Evaluate (52 - 10) + (8 + -2 - 18 - -13).
43
-93 - (116 + (-50 - 72))
-87
(48 - 31 - 5 - (2 + -42)) + 3 + 11
66
What is -16 + -14 + 28 - -6 - (-2 + 33)?
-27
Evaluate -3 - (-1 - (1 - -11) - (-861 + 859) - 12).
20
What is the value of (4 - -25) + (245 - 320)?
-46
What is the value of 6 - -10 - -79 - (-10 - -22 - 19)?
102
What is the value of 7 - (44 - (-103 - -169) - (57 - 0))?
86
Evaluate (-71 - (-6 + -22 + 72 + -26)) + (7 - 2).
-84
What is -13 - ((77 - 154) + 0)?
64
(21 - 3) + -2 + 563 + -603
-24
What is -86 + (0 + -2 - (2 - 6)) - (-148 - -157)?
-93
Calculate (73 - 22) + -128 + 89.
12
11739 + -11741 - (0 + -1 + (-37 - -1))
35
Calculate 116 + -69 + -3 + -2 + -2.
40
Evaluate 77 + 93 + -369 + 115.
-84
Evaluate 222 - (47 - 24 - -77).
122
Calculate -99 - -134 - (2 + 2 + -16).
47
What is the value of -6 + (-3 - -28) - (-14 - (17 + -25))?
25
What is 64 - (26 + 13 - 4)?
29
Evaluate 74 + (-5 - 7) + (26 - 7) + 8.
89
Evaluate (-14 + (7 - 7) - 41) + 13.
-42
5561 - 5619 - (-24 + 1)
-35
(5 - 10 - -79 - (30 + (21 - 62))) + 15
100
Evaluate 54 + -9 + 3 + (-14 - (20 + -28)).
42
Calculate 18 + (-43 - -19) - (-5 + 12 + 0) - 13.
-26
Evaluate 1 - -1 - (13 - (-10 + 20 + -5)).
-6
What is -1 + -25 - (75 + -79 + 0 + -3 + -4)?
-15
(10 - 13 - -25) + 3 - -13
38
Calculate 10 + -10 - (-33 + 17 + -16 + -15).
47
Evaluate 2 + (-66 - -2) - (2007 - 2039).
-30
What is 7 + -10 + -30 + 98 + -24?
41
Evaluate 39 - 34 - (-6 + 8 + -1).
4
What is 50 - (-13 + 111 + -68)?
20
What is -39 + (-53 - -149) - 30?
27
What is 22 - ((-106 - -1) + (66 - 36))?
97
What is the value of (-1 - -12) + (-1732 + 1699 - (1 - 34))?
11
Calculate -2 - (59 + 1) - (-381 + 399).
-80
-53 - (-75 - 74) - 27
69
Calculate (7 - 7) + (-11 - -17) + 23 + -2.
27
Evaluate -56 - (-32 + 5 + 7) - 13.
-49
What is -71 - (-109 - -105) - -109?
42
Calculate 3 - ((1 - -1) + 20) - (-44 + 40).
-15
Calculate -89 + (29 - (31 + (-24 - -4))).
-71
What is -63 + (42 - (-78 - -108)) + -1 + 4?
-48
Evaluate -1 + (-15 - 3 - -11 - -18) - -13.
23
What is 58 + -33 + 212 + -104?
133
What is the value of -1144 + 1144 - (-69 - ((-3 - -3) + 3))?
72
What is the value of -95 + (-45 - -136) - (-2 + -56)?
54
-5 - (-4 - -29) - (-10 + -18 + 17)
-19
Calculate (-26 - 11 - -50) + -10.
3
What is -17 - (101 + -107 - (-2 - -51))?
38
Evaluate (19 - 5 - 5 - 3) + -330 + 300.
-24
(-114 - -68) + 102 - -23
79
What is the value of 193 + (-124 - -53) - 92?
30
(-37 - -103 - 65) + -52
-51
Calculate 4 + -26 - (31 - 101 - -29).
19
Calculate -1 + (-98 - -49) - -23.
-27
Calculate -4 - (-45 - -33 - -58).
-50
Calculate 13 + 0 - (-788 - -775).
26
Calculate -14 - ((32 - 8 - 20) + 10).
-28
What is 5 - 3 - (15 + (-17 - -5))?
-1
What is 8 + 2 - (-96 - -224) - -24?
-94
-56 + (-5 + 12 - 11) - (-19 - -23)
-64
Calculate -12 - (20 + (-21 - -23) + -9).
-25
99 - 107 - -3 - (0 + -32 + -1)
28
What is 11 + (-5677 - -5618) + (0 - 1) + (14 - 0)?
-35
What is -65 + 56 + -14 - -105?
82
Evaluate -4 + (-7 - -40) + 23.
52
What is 34 - 4 - -38 - -7 - -32?
107
Evaluate (-27 + 39 - (-1 + -3)) + 50 + 7.
73
What is the value of 20 + -75 - (-23 - 88)?
56
What is the value of (1 - 3) + 10 + (10404 - 10306)?
106
Calculate (4 + -12 - 0) + (-23 - (11 + -40)) - -87.
85
(6 - ((20 - 1) + 5)) + 15
-3
Evaluate 0 + 0 + (-9 - -7) + -3 + -3.
-8
What is (0 - -71) + 70 + -450 + 371?
62
Evaluate -18 - (9 + -25) - 52 - 2 - -10.
-46
What is (15 + -2 - (-2 + -16 + 116 + -102)) + -9?
8
57 + -38 + 1 - (14 - 1)
7
What is the value of (-11 - (18 + -33 + 13)) + (0 - 0)?
-9
What is -1359 - -1349 - (2 + 0 + -13 + 2)?
-1
What is the value of 103 + -245 + (-61 - -173)?
-30
What is the value of (51 - 49) + (2 - 12) + (-5 - -3) - 2?
-12
Calculate (-804 + 799 - ((-2 - (-2 + 6)) + -1)) + -54.
-52
Evaluate 1 - (-40 - (8 + (-14 - 14))).
21
Evaluate (9 - (-5 + 36 + -11)) + 50.
39
Evaluate 1 + (1 - -5) + 8 + -12 + (10 - 10).
3
What is the value of -112 + 184 + (-19 - 91)?
-38
What is 6 + 35 + 35 + -114 - -42?
4
Calculate 0 + -1 - (10 - (-25 - (1 + (-1 - 6)))).
-30
What is (60 + -89 - -99) + -97?
-27
Evaluate -33 + 12 + 20 + -13 - 34.
-48
Evaluate 1 + 0 + 1 - (10 + -76 + 71).
-3
Evaluate -66 + (-18 + 60 - 10) + 18.
-16
360 + -357 + (0 - -1 - -21)
25
What is (5 - -19) + -36 - (0 - 50)?
38
12 + (-44 - -14 - -16)
-2
What is (3 - 5) + 3 + 81 + (4 - (0 + 15))?
71
-125 + (-35 - -132) + 60
32
6 - 1 - (19 + -33 + 7 + (-10 - 6))
28
Calculate 7811 + -7928 - (-21 + -1).
-95
Evaluate 28 + -37 + 54 - ((5 - -7) + 0).
33
What is the value of 2 + -1 - 7 - (-519 + 501) - -3?
15
Calculate 675 + -632 - (-11 - 0).
54
Evaluate -21 - ((-16 + 59 - 5) + -179).
120
What is the value of -495 + 462 - ((0 - (-3 + -7)) + -4)?
-39
What is 2884 + -2879 - (-47 - (2 + (-3 - 3) + 2))?
50
What is the value of 95 + -56 + (-117 - -1 - -1)?
-76
(17 + -12 - 13) + 2 + 73 - 17
50
What is (-22 - -30 - 25) + (-6 + 3 - -40)?
20
Calculate 59 - (69 + (98 - 101)).
-7
(10 + 6 + (21 - 10) - 16) + (0 - 11)
0
4 - ((4 - 4) + 12) - (72 - 39)
-41
Calculate (10 + -12 - 1) + -64 - -11.
-56
-1 + 0 + (1 + -80 - (3 + -8 + 2))
-77
What is 202 + -205 - (-3 - -9 - (2 + -7))?
-14
(4 - (1 - 1)) + (-7598 - -7576) + 133
115
Calculate -1 - 66 - (-112 + (108 - -29)).
-92
What is the value of (-2 - 4) + 6 - (23 + -11 - (-2 - -5))?
-9
What is 2 + (797 - 812) + 1 + -1?
-13
What is (97 - -3 - 1